pose g*w - 3*w + 78 = 0. What are the prime factors of w?
2, 3, 13
Let b(s) = 28*s + 9*s + 10*s - 4. Let u(g) = -23*g + 47. Let t be u(2). What are the prime factors of b(t)?
43
Suppose 0*o + 2*o = k + 10, -5*o + 16 = 2*k. Suppose 49 = o*v - 263. What are the prime factors of v?
2, 3, 13
Let d(o) = -3002*o**3 - 2*o**2 - o. List the prime factors of d(-1).
3001
Let s = 66 - 60. Let f be ((-32)/(-6))/((-4)/(-72)). Suppose s*i + f = 10*i. What are the prime factors of i?
2, 3
Let n(y) = y**3 + 31*y**2 - 15*y - 42. What are the prime factors of n(-31)?
3, 47
Let c = -9 - -13. Suppose 4*b + 2*t = 426, -t + c = 5. What are the prime factors of b?
107
Suppose 33*p - 32*p = 5*j - 6973, -4*j + 5*p = -5591. List the prime factors of j.
2, 17, 41
Let z(p) = 3*p**2 + 3*p + 3. Let v(q) = q**2 + 18*q - 14. Let h be v(-19). Let r be 30/(-9)*6/h. What are the prime factors of z(r)?
3, 13
Let a be 178 - 1 - 4/(2 - 6). Suppose -a = 5*d - 1033. What are the prime factors of d?
3, 19
Let o = 729 - 243. What are the prime factors of o?
2, 3
Let n(z) = -z**2 + 8. Let d be n(4). Let f be 231/44 + 2/d. List the prime factors of (4 + (-18)/f)*10.
2
Suppose 0 = -3*i - 141 - 138. Let s be (27/(-45))/((-1)/5). What are the prime factors of (-2 - i/3) + s?
2
Let w be ((-2853)/27)/(2/(-6)). Let t = w - 210. List the prime factors of t.
107
Let c(s) be the second derivative of -s**3/2 - 13*s**2 - 5*s. What are the prime factors of c(-25)?
7
Let p = -244 + 657. What are the prime factors of p?
7, 59
Suppose v - 3 = 0, v = -3*i - v - 18. Let m(x) = -2*x - 5. Let p be m(i). Let b(h) = -h**2 + 14*h - 9. What are the prime factors of b(p)?
2, 3
Suppose -47*d + 40*d + 4578 = 0. What are the prime factors of d?
2, 3, 109
Suppose 0 = -2*g - 4*q - 230, 3*g + q + 524 - 184 = 0. Let w = g + 195. List the prime factors of w.
2, 41
Let h be 10*3/((-9)/(-30)). Suppose 5*j = 25, h = 5*g + 2*j - 0*j. Suppose c + 0*c - g = 0. List the prime factors of c.
2, 3
Suppose -3*l - 2362 = 4*j - 5*j, 11861 = 5*j + 2*l. List the prime factors of j.
2371
Let y(b) = -4*b - b**2 + 3*b + 0*b + 3. Let q be y(0). Suppose 9 = q*p - 69. What are the prime factors of p?
2, 13
Let b(j) be the second derivative of j**2 + 0 - 4*j - 25/6*j**3. List the prime factors of b(-1).
3
Suppose -5459 = -6*s + 2995. What are the prime factors of s?
1409
Suppose -4*o + 161 = -47. Let j(t) = 2*t**2 - t + 4. Let g be j(0). Suppose -5*y + 65 = -4*u, -4*y + o = 3*u - g*u. What are the prime factors of y?
13
Suppose -j + 2 = -9. Let v = j - -5. List the prime factors of v.
2
Let h(o) = o**2 - 13*o + 18. Let l = 50 + -38. List the prime factors of h(l).
2, 3
Let f be (-10)/40 + 2/8. Suppose f = -4*w + 2*w + 218. What are the prime factors of w?
109
Suppose m + 3*t + 2*t + 107 = 0, -2*m - t = 187. Let y(b) = b**2 - 24*b + 18. Let r be y(20). Let v = r - m. List the prime factors of v.
2, 3, 5
Suppose -5*c + 0 = u - 15, -2*c = u. Let f(h) = -h**3 - 9*h**2 + 11*h + 15. What are the prime factors of f(u)?
5
Let a(p) = p**3 + 7*p**2 - p - 4. Let q be a(-7). Suppose -q*j + 22 + 20 = 0. Let g = 37 + j. List the prime factors of g.
3, 17
Suppose -11*o + 128 = 21*o. Suppose -3*y + 6*t = t + 19, -4*y - 2 = -2*t. Suppose -4*q - 6 = -y*q, -3*q - 177 = -o*p. List the prime factors of p.
2, 3, 7
Suppose 0 = -5*w + 3*n + 1615 - 15, -2*n + 1258 = 4*w. Let h = w - 192. List the prime factors of h.
5
What are the prime factors of 378/48 - 8 - (-7073)/8?
2, 13, 17
Let f = -400 - -656. List the prime factors of f.
2
Let y be 4/(((-12)/14)/(-3)). Let n = y - 12. List the prime factors of (8 - (-6)/n) + 3.
2, 7
Let h be (-34)/8 - 1/(-4). Let o be (1 - 2/h)*2. Suppose -o*z = -0*z - 81. List the prime factors of z.
3
Let o be -9 + -16 - 0/(-2). Let w = o + 205. What are the prime factors of w?
2, 3, 5
Suppose -4*y + g = -103, 3*y + 3*g = -6 + 87. Suppose -2*r = -2*h + 14, 2*r - y = 5*r - 2*h. What are the prime factors of (99/(-6))/(9/r)?
2, 11
List the prime factors of -1 + 908*(-5)/(-10).
3, 151
Let c(x) = 2*x**2 + x + 3. Let o be c(0). Suppose 0 = 3*v - 3*h - 15, -v + 8 = 5*h + o. Suppose -296 = -v*u - 31. List the prime factors of u.
53
Let v = -1 + 6. Suppose -39 - 71 = -v*o. Suppose -5*c + 3 = -o. What are the prime factors of c?
5
What are the prime factors of 111420/39 - 37/(-481)?
2857
Let j = -33 + 37. Suppose 0 = 5*d + 15, 2*r + 2*d + 154 = j*r. List the prime factors of r.
2, 37
Let f(u) be the second derivative of 11*u**4/12 + u**3/2 + u**2 - 21*u. What are the prime factors of f(-3)?
2, 23
Let b be ((-264)/(-16))/((-38)/(-20) - 2). List the prime factors of (b/20)/(6/(-32)).
2, 11
Let j(m) = 3*m**3 + 2*m**2 + 588. List the prime factors of j(0).
2, 3, 7
Suppose 0 = 2*p + 2*b - 1104, -14*b = -3*p - 12*b + 1666. What are the prime factors of p?
2, 277
Suppose -68 - 289 = -7*j. What are the prime factors of j?
3, 17
Let j(k) = k**2 - k - 3. Let p be j(-4). Suppose -p = 6*g - 5*g. Let m = g - -45. List the prime factors of m.
2, 7
Let j(w) = -29*w. Let c be j(4). Let k be (c/(-16))/(1/4). Let f = 51 + k. What are the prime factors of f?
2, 5
Suppose -b + 1591 = -2*z, -16*b = -12*b + z - 6373. List the prime factors of b.
3, 59
Let t = 50 - -55. What are the prime factors of t?
3, 5, 7
Let u(r) = -r**2 + 20*r - 3. Suppose 0 = 2*b - 6, 0 = -2*t + 4*b + 22. Suppose -21*n = -t*n - 72. List the prime factors of u(n).
3, 11
What are the prime factors of (12964/84)/(1/3)?
463
Let b = 2632 - 1038. List the prime factors of b.
2, 797
Let k be (546/9 - 2/(-6))*-1. Let q = -43 - k. List the prime factors of q.
2, 3
Let b = 47 - 44. Let f = 11 - b. What are the prime factors of f?
2
Suppose -5*c - 2*a + 6124 = a, 3*c + a = 3676. List the prime factors of c.
2, 613
Let j(h) = -h**2. Let g be j(0). Suppose 3*z = -g*z + 27. Let b(q) = -q**3 + 8*q**2 + 11*q - 12. What are the prime factors of b(z)?
2, 3
Let f = -24 + 370. Suppose 3*v - 5*j - 486 = 0, 2*v + 2*j = -2*j + f. List the prime factors of v.
167
Suppose -4080 = -13*m - 11*m. List the prime factors of m.
2, 5, 17
Suppose 10*a = 8*a + 336. List the prime factors of a.
2, 3, 7
What are the prime factors of -246*(4 - (-200)/(-48))?
41
What are the prime factors of (0 - -306 - -5) + -4?
307
Suppose -4*k - 67 - 9 = 0. Let x = -189 + 216. Let j = k + x. List the prime factors of j.
2
Suppose -6*g = -0*g - 312. Suppose -g = -4*p - 12. What are the prime factors of p?
2, 5
Let r(s) = s**2 - 5. Let v be r(3). Let d(w) = 18*w + 3. What are the prime factors of d(v)?
3, 5
Let h = -13 - -8. Let k = h - -12. List the prime factors of k.
7
Let k = 223 - 145. What are the prime factors of k?
2, 3, 13
Suppose -3*d + 4*p = -8, d - 4 - 3 = -3*p. Suppose 0 = d*o - l - 84, -4*o = l - 38 - 54. What are the prime factors of (-1 + 97)*11/o?
2, 3
Suppose -d - 557 + 17 = -2*x, -3*x + d + 809 = 0. What are the prime factors of x?
269
Suppose -5*m - 20 = 0, 3356 = -0*o + 4*o - 4*m. What are the prime factors of o?
5, 167
Suppose -3*w + 405 = -3162. What are the prime factors of w?
29, 41
Suppose -1 = -0*a + 2*a - s, 4*a + 17 = -s. Let u be (-1)/(8/4 + a). Suppose -20 = -r - u. List the prime factors of r.
19
Let k(x) = 6*x + 10. Let z be k(-7). Let r = z + 60. What are the prime factors of r?
2, 7
Suppose -2*c = 3*f - 6*f + 674, 2*c + 902 = 4*f. Suppose f = 3*x - 261. What are the prime factors of x?
163
Let n be ((-10)/(-6))/((-3)/(-9)). Suppose 4*w - 140 = -n*g + 8, -4*g - 37 = -w. What are the prime factors of w?
37
Let z(p) = -p + 11. Let d be z(12). What are the prime factors of (d + (2 - 183))/(10 - 12)?
7, 13
Suppose -18*l - 10730 = -28*l. What are the prime factors of l?
29, 37
Suppose -37*i = -44*i + 38227. What are the prime factors of i?
43, 127
Let c be (-411)/2*7/(-21)*2. Let m = 236 - c. List the prime factors of m.
3, 11
Let v(b) = 2*b**3 + 6*b - 10. Let z(q) = 5*q**3 + 18*q - 30. Let y(x) = 8*v(x) - 3*z(x). List the prime factors of y(4).
2, 5
Let b be (4 - 12/3)/(-1). Suppose 4*c + b*c - 20 = 0. Suppose -c*v + k + 299 = 0, -4*v + k - 301 = -9*v. What are the prime factors of v?
2, 3, 5
Let r(q) = q**3 - 16*q**2 - 33*q + 92. List the prime factors of r(21).
2, 401
Let f be 14/3 + (-5)/(-15). Suppose -t + 25 = 5*z, -4*t = -z - t + f. What are the prime factors of z?
5
Let t(f) = -f**3 + 4*f**2 - 3*f + 2. Let